{"id":167,"date":"2013-09-19T18:42:15","date_gmt":"2013-09-19T16:42:15","guid":{"rendered":"http:\/\/www.jean-luc-larive.fr\/?page_id=167"},"modified":"2026-02-26T12:11:22","modified_gmt":"2026-02-26T10:11:22","slug":"tablatures-auvergne","status":"publish","type":"page","link":"https:\/\/jean-luc-larive.fr\/?page_id=167","title":{"rendered":"Tablatures centre France"},"content":{"rendered":"<p>Une mazurka jou\u00e9 normalement en Do mineur<br \/>\net un peu adapt\u00e9 pour le diato en Lam \u00a0 \u00a0 \u00a0 \u00a0 \u00a0 \u00a0 \u00a0 \u00a0 \u00a0 \u00a0 \u00a0 \u00a0 \u00a0 \u00a0 \u00a0 \u00a0 \u00a0 \u00a0 \u00a0 \u00a0 \u00a0 \u00a0 \u00a0 \u00a0<a href=\"http:\/\/www.jean-luc-larive.fr\/wp-content\/uploads\/2015\/02\/Mazurka-\u00e0-Rigal.pdf\" target=\"_blank\" rel=\"noopener noreferrer\">Mazurka \u00e0 Rigal (pdf)<\/a><\/p>\n<p>Une jolie scottish, un classique \u00a0 \u00a0 \u00a0 \u00a0 \u00a0 \u00a0 \u00a0 \u00a0 \u00a0 \u00a0 \u00a0 \u00a0 \u00a0 \u00a0 \u00a0 \u00a0 \u00a0 \u00a0 \u00a0 \u00a0 \u00a0 \u00a0 \u00a0 \u00a0 \u00a0 \u00a0 \u00a0 \u00a0 \u00a0 <a href=\"https:\/\/jean-luc-larive.fr\/wp-content\/uploads\/2026\/02\/Leau-de-roche-11.26.59.pdf\" target=\"_blank\" rel=\"noopener\">L&rsquo;eau de roche (pdf)<\/a><\/p>\n<p>La c\u00e9l\u00e8bre bourr\u00e9e de Mr Vidalenc \u00a0 \u00a0 \u00a0 \u00a0 \u00a0 \u00a0 \u00a0 \u00a0 \u00a0 \u00a0 \u00a0 \u00a0 \u00a0 \u00a0 \u00a0 \u00a0 \u00a0 \u00a0 \u00a0 \u00a0 \u00a0 \u00a0 \u00a0 \u00a0 \u00a0 \u00a0\u00a0<a href=\"http:\/\/www.jean-luc-larive.fr\/wp-content\/uploads\/2013\/09\/Bourr\u00e9e-\u00e0-Fran\u00e7ois.pdf\">Bourr\u00e9e <\/a><a href=\"http:\/\/www.jean-luc-larive.fr\/wp-content\/uploads\/2013\/09\/Bourr\u00e9e-\u00e0-Fran\u00e7ois.pdf\" target=\"_blank\" rel=\"noopener noreferrer\">\u00e0 Fran\u00e7ois (pdf)<\/a><\/p>\n<p>La c\u00e9l\u00e8bre et unique Mazurka d&rsquo;Auvergne,<br \/>\njou\u00e9 ici\u00a0avec la grille d&rsquo;accords de Mathieu Lepoivre,<br \/>\nle seul musicien\u00a0que je connaisse<br \/>\n\u00e0 jouer de l&rsquo;Auvergnat \u00e0 la trompette \u00a0 \u00a0 \u00a0 \u00a0 \u00a0 \u00a0 \u00a0 \u00a0 \u00a0 \u00a0 \u00a0 \u00a0 \u00a0 \u00a0 \u00a0 \u00a0 \u00a0 \u00a0 \u00a0 \u00a0 \u00a0 \u00a0 \u00a0<span style=\"color: #3366ff;\"><a style=\"color: #3366ff;\" href=\"http:\/\/www.jean-luc-larive.fr\/wp-content\/uploads\/2021\/04\/la-mazurka-dAuvergne.pdf\" target=\"_blank\" rel=\"noopener\">La mazurka d&rsquo;Auvergne <\/a><\/span><span style=\"color: #339966;\"><a style=\"color: #339966;\" href=\"http:\/\/www.jean-luc-larive.fr\/wp-content\/uploads\/2021\/04\/Mazurka-dAuvergne-.mp3\" target=\"_blank\" rel=\"noopener\">mp3<\/a><\/span><\/p>\n<p>La bourr\u00e9e de Pierre Imbert, appel\u00e9 aussi la<br \/>\nbourr\u00e9e du rat. Elle est devenu un classique, une<br \/>\nversion rock jou\u00e9 ici dans les ann\u00e9es 2000 par le groupe<br \/>\n\u00ab\u00a0Les D\u00e9panneurs\u00a0\u00bb\u00a0 du d\u00e9lire \ud83d\ude42 Et oui j&rsquo;ai fait du rock. \u00a0 \u00a0 \u00a0 \u00a0 \u00a0 \u00a0 \u00a0 <a href=\"http:\/\/www.jean-luc-larive.fr\/wp-content\/uploads\/2016\/04\/Avant-de-sen-aller.pdf\" target=\"_blank\" rel=\"noopener\">Avant de s&rsquo;en aller \u00a0\u00a0<\/a><span style=\"color: #808000;\"><a style=\"color: #808000;\" href=\"http:\/\/www.jean-luc-larive.fr\/wp-content\/uploads\/2016\/04\/avant-de-sen-aller.mp3\" target=\"_blank\" rel=\"noopener noreferrer\">mp3<\/a><\/span><\/p>\n<p><strong>\u00ab\u00a0Bal Auvergnat\u00a0\u00bb<\/strong> \u00e9tait un trio compos\u00e9 de Vincent Blin,<br \/>\nPascal Pichonnier et moi-m\u00eame &#8230; \u00a0 \u00a0 \u00a0 \u00a0 \u00a0 \u00a0 \u00a0 \u00a0 \u00a0 \u00a0 \u00a0 \u00a0 \u00a0 \u00a0 \u00a0 \u00a0 \u00a0 \u00a0 \u00a0 \u00a0 \u00a0 \u00a0 \u00a0 \u00a0 <a href=\"http:\/\/www.jean-luc-larive.fr\/wp-content\/uploads\/2016\/07\/La-R\u00e9racoise.pdf\" target=\"_blank\" rel=\"noopener noreferrer\">La R\u00e9racoise (pdf)\u00a0 <\/a><span style=\"color: #808000;\"><a style=\"color: #808000;\" href=\"http:\/\/www.jean-luc-larive.fr\/wp-content\/uploads\/2016\/07\/La-r\u00e9racoise.mp3\" target=\"_blank\" rel=\"noopener noreferrer\">mp3<\/a><\/span><br \/>\n<span style=\"color: #808000;\">\u00a0 \u00a0 \u00a0 \u00a0 \u00a0 \u00a0 \u00a0 \u00a0 \u00a0 \u00a0 \u00a0 \u00a0 \u00a0 \u00a0 \u00a0 \u00a0 \u00a0 \u00a0 \u00a0 \u00a0 \u00a0 \u00a0 \u00a0 \u00a0 \u00a0 \u00a0 \u00a0 \u00a0 \u00a0 \u00a0 \u00a0 \u00a0 \u00a0 \u00a0 \u00a0 \u00a0 \u00a0 \u00a0 \u00a0 \u00a0 \u00a0 \u00a0 \u00a0 \u00a0 \u00a0 \u00a0 \u00a0 \u00a0 \u00a0 \u00a0 \u00a0 \u00a0 \u00a0 \u00a0 \u00a0 \u00a0<a href=\"http:\/\/www.jean-luc-larive.fr\/wp-content\/uploads\/2013\/09\/Al-cuol-de-Pierron.pdf\" target=\"_blank\" rel=\"noopener noreferrer\">Al cuol de Pierron (pdf)\u00a0\u00a0 <\/a><a style=\"color: #808000;\" href=\"http:\/\/www.jean-luc-larive.fr\/wp-content\/uploads\/2013\/09\/R05_0002.mp3\" target=\"_blank\" rel=\"noopener noreferrer\">mp3<\/a><\/span><br \/>\n<span style=\"color: #808000;\">\u00a0\u00a0\u00a0\u00a0\u00a0\u00a0\u00a0\u00a0\u00a0\u00a0\u00a0\u00a0\u00a0\u00a0\u00a0\u00a0\u00a0\u00a0\u00a0\u00a0\u00a0\u00a0\u00a0\u00a0\u00a0\u00a0\u00a0\u00a0\u00a0\u00a0\u00a0\u00a0\u00a0\u00a0\u00a0\u00a0\u00a0\u00a0\u00a0\u00a0\u00a0\u00a0\u00a0\u00a0\u00a0\u00a0\u00a0\u00a0\u00a0\u00a0\u00a0\u00a0\u00a0\u00a0\u00a0\u00a0\u00a0\u00a0\u00a0\u00a0\u00a0\u00a0\u00a0\u00a0\u00a0\u00a0\u00a0\u00a0\u00a0\u00a0\u00a0\u00a0\u00a0\u00a0\u00a0\u00a0\u00a0\u00a0\u00a0\u00a0\u00a0\u00a0\u00a0\u00a0\u00a0\u00a0\u00a0\u00a0\u00a0\u00a0\u00a0\u00a0\u00a0\u00a0\u00a0\u00a0\u00a0\u00a0\u00a0\u00a0\u00a0\u00a0\u00a0\u00a0\u00a0\u00a0\u00a0\u00a0\u00a0\u00a0 <a href=\"http:\/\/www.jean-luc-larive.fr\/wp-content\/uploads\/2013\/09\/LAurillacoise-1.pdf\" target=\"_blank\" rel=\"noopener noreferrer\">L&rsquo;Aurillacoise (pdf)\u00a0 <\/a><a style=\"color: #808000;\" href=\"http:\/\/www.jean-luc-larive.fr\/wp-content\/uploads\/2013\/09\/R05_0006.mp3\" target=\"_blank\" rel=\"noopener noreferrer\">mp3<\/a><\/span><br \/>\n<span style=\"color: #808000;\">\u00a0\u00a0\u00a0\u00a0\u00a0\u00a0\u00a0\u00a0\u00a0\u00a0\u00a0\u00a0\u00a0\u00a0\u00a0\u00a0\u00a0\u00a0\u00a0\u00a0\u00a0\u00a0\u00a0\u00a0\u00a0\u00a0\u00a0\u00a0\u00a0\u00a0\u00a0\u00a0\u00a0\u00a0\u00a0\u00a0\u00a0\u00a0\u00a0\u00a0\u00a0\u00a0\u00a0\u00a0\u00a0\u00a0\u00a0\u00a0\u00a0\u00a0\u00a0\u00a0\u00a0\u00a0\u00a0\u00a0\u00a0\u00a0\u00a0\u00a0\u00a0\u00a0\u00a0\u00a0\u00a0\u00a0\u00a0\u00a0\u00a0\u00a0\u00a0\u00a0\u00a0\u00a0\u00a0\u00a0\u00a0\u00a0\u00a0\u00a0\u00a0\u00a0\u00a0\u00a0\u00a0\u00a0\u00a0\u00a0\u00a0\u00a0\u00a0\u00a0\u00a0\u00a0\u00a0\u00a0\u00a0\u00a0\u00a0\u00a0\u00a0\u00a0\u00a0\u00a0\u00a0\u00a0\u00a0\u00a0\u00a0\u00a0\u00a0<a href=\"http:\/\/www.jean-luc-larive.fr\/wp-content\/uploads\/2013\/09\/Le-vicaire.pdf\" target=\"_blank\" rel=\"noopener noreferrer\">Le vicaire (pdf)\u00a0\u00a0 <\/a><a style=\"color: #808000;\" href=\"http:\/\/www.jean-luc-larive.fr\/wp-content\/uploads\/2013\/09\/R05_0003.mp3\" target=\"_blank\" rel=\"noopener noreferrer\">mp3 <\/a><\/span><\/p>\n","protected":false},"excerpt":{"rendered":"<p>Une mazurka jou\u00e9 normalement en Do mineur et un peu adapt\u00e9 pour le diato en Lam \u00a0 \u00a0 \u00a0 \u00a0 \u00a0 \u00a0 \u00a0 \u00a0 \u00a0 \u00a0 \u00a0 \u00a0 \u00a0 \u00a0 \u00a0 \u00a0 \u00a0 \u00a0 \u00a0 \u00a0 \u00a0 \u00a0 \u00a0 \u00a0Mazurka &hellip; <a href=\"https:\/\/jean-luc-larive.fr\/?page_id=167\">Continuer la lecture <span class=\"meta-nav\">&rarr;<\/span><\/a><\/p>\n","protected":false},"author":1,"featured_media":0,"parent":0,"menu_order":0,"comment_status":"closed","ping_status":"closed","template":"","meta":{"footnotes":""},"class_list":["post-167","page","type-page","status-publish","hentry"],"_links":{"self":[{"href":"https:\/\/jean-luc-larive.fr\/index.php?rest_route=\/wp\/v2\/pages\/167","targetHints":{"allow":["GET"]}}],"collection":[{"href":"https:\/\/jean-luc-larive.fr\/index.php?rest_route=\/wp\/v2\/pages"}],"about":[{"href":"https:\/\/jean-luc-larive.fr\/index.php?rest_route=\/wp\/v2\/types\/page"}],"author":[{"embeddable":true,"href":"https:\/\/jean-luc-larive.fr\/index.php?rest_route=\/wp\/v2\/users\/1"}],"replies":[{"embeddable":true,"href":"https:\/\/jean-luc-larive.fr\/index.php?rest_route=%2Fwp%2Fv2%2Fcomments&post=167"}],"version-history":[{"count":64,"href":"https:\/\/jean-luc-larive.fr\/index.php?rest_route=\/wp\/v2\/pages\/167\/revisions"}],"predecessor-version":[{"id":1348,"href":"https:\/\/jean-luc-larive.fr\/index.php?rest_route=\/wp\/v2\/pages\/167\/revisions\/1348"}],"wp:attachment":[{"href":"https:\/\/jean-luc-larive.fr\/index.php?rest_route=%2Fwp%2Fv2%2Fmedia&parent=167"}],"curies":[{"name":"wp","href":"https:\/\/api.w.org\/{rel}","templated":true}]}}

<p>Une mazurka joué normalement en Do mineur<br />
et un peu adapté pour le diato en Lam                                                <a href="http://www.jean-luc-larive.fr/wp-content/uploads/2015/02/Mazurka-à-Rigal.pdf" target="_blank" rel="noopener noreferrer">Mazurka à Rigal (pdf)</a></p>
<p>Une jolie scottish, un classique                                                           <a href="https://jean-luc-larive.fr/wp-content/uploads/2026/02/Leau-de-roche-11.26.59.pdf" target="_blank" rel="noopener">L&rsquo;eau de roche (pdf)</a></p>
<p>La célèbre bourrée de Mr Vidalenc                                                     <a href="http://www.jean-luc-larive.fr/wp-content/uploads/2013/09/Bourrée-à-François.pdf">Bourrée </a><a href="http://www.jean-luc-larive.fr/wp-content/uploads/2013/09/Bourrée-à-François.pdf" target="_blank" rel="noopener noreferrer">à François (pdf)</a></p>
<p>La célèbre et unique Mazurka d&rsquo;Auvergne,<br />
joué ici avec la grille d&rsquo;accords de Mathieu Lepoivre,<br />
le seul musicien que je connaisse<br />
à jouer de l&rsquo;Auvergnat à la trompette                                              <span style="color: #3366ff;"><a style="color: #3366ff;" href="http://www.jean-luc-larive.fr/wp-content/uploads/2021/04/la-mazurka-dAuvergne.pdf" target="_blank" rel="noopener">La mazurka d&rsquo;Auvergne </a></span><span style="color: #339966;"><a style="color: #339966;" href="http://www.jean-luc-larive.fr/wp-content/uploads/2021/04/Mazurka-dAuvergne-.mp3" target="_blank" rel="noopener">mp3</a></span></p>
<p>La bourrée de Pierre Imbert, appelé aussi la<br />
bourrée du rat. Elle est devenu un classique, une<br />
version rock joué ici dans les années 2000 par le groupe<br />
« Les Dépanneurs »  du délire 🙂 Et oui j&rsquo;ai fait du rock.               <a href="http://www.jean-luc-larive.fr/wp-content/uploads/2016/04/Avant-de-sen-aller.pdf" target="_blank" rel="noopener">Avant de s&rsquo;en aller   </a><span style="color: #808000;"><a style="color: #808000;" href="http://www.jean-luc-larive.fr/wp-content/uploads/2016/04/avant-de-sen-aller.mp3" target="_blank" rel="noopener noreferrer">mp3</a></span></p>
<p><strong>« Bal Auvergnat »</strong> était un trio composé de Vincent Blin,<br />
Pascal Pichonnier et moi-même &#8230;                                                 <a href="http://www.jean-luc-larive.fr/wp-content/uploads/2016/07/La-Réracoise.pdf" target="_blank" rel="noopener noreferrer">La Réracoise (pdf)  </a><span style="color: #808000;"><a style="color: #808000;" href="http://www.jean-luc-larive.fr/wp-content/uploads/2016/07/La-réracoise.mp3" target="_blank" rel="noopener noreferrer">mp3</a></span><br />
<span style="color: #808000;">                                                                                                               <a href="http://www.jean-luc-larive.fr/wp-content/uploads/2013/09/Al-cuol-de-Pierron.pdf" target="_blank" rel="noopener noreferrer">Al cuol de Pierron (pdf)   </a><a style="color: #808000;" href="http://www.jean-luc-larive.fr/wp-content/uploads/2013/09/R05_0002.mp3" target="_blank" rel="noopener noreferrer">mp3</a></span><br />
<span style="color: #808000;">                                                                                                               <a href="http://www.jean-luc-larive.fr/wp-content/uploads/2013/09/LAurillacoise-1.pdf" target="_blank" rel="noopener noreferrer">L&rsquo;Aurillacoise (pdf)  </a><a style="color: #808000;" href="http://www.jean-luc-larive.fr/wp-content/uploads/2013/09/R05_0006.mp3" target="_blank" rel="noopener noreferrer">mp3</a></span><br />
<span style="color: #808000;">                                                                                                               <a href="http://www.jean-luc-larive.fr/wp-content/uploads/2013/09/Le-vicaire.pdf" target="_blank" rel="noopener noreferrer">Le vicaire (pdf)   </a><a style="color: #808000;" href="http://www.jean-luc-larive.fr/wp-content/uploads/2013/09/R05_0003.mp3" target="_blank" rel="noopener noreferrer">mp3 </a></span></p>

<p>Une mazurka joué normalement en Do mineur et un peu adapté pour le diato en Lam                                                Mazurka &hellip; <a href="https://jean-luc-larive.fr/?page_id=167">Continuer la lecture <span class="meta-nav">&rarr;</span></a></p>
