{"id":2,"date":"2013-05-07T14:44:12","date_gmt":"2013-05-07T12:44:12","guid":{"rendered":"http:\/\/www.jean-luc-larive.fr\/?page_id=2"},"modified":"2024-12-05T23:43:13","modified_gmt":"2024-12-05T21:43:13","slug":"page-d-exemple","status":"publish","type":"page","link":"https:\/\/jean-luc-larive.fr\/","title":{"rendered":"Accueil"},"content":{"rendered":"<blockquote><p><strong>\u00c0 l&rsquo;accord\u00e9on diatonique,\u00a0<\/strong>\u00a0ce dr\u00f4le d&rsquo;instrument, aux \u00ab\u00a0mondes\u00a0\u00bb et aux musiques qu&rsquo;il\u00a0 permet de dire, de cr\u00e9er, de colorer par son timbre si particulier &#8230;<br \/>\n\u00c0 tous les gens qui sont derri\u00e8re ses petites touches de nacre&#8230;<\/p>\n<p>Bienvenue sur ce site et\u00a0accord\u00e9onistiquement &#8230;<\/p>\n<p><strong>\u00a0\u00a0\u00a0\u00a0\u00a0\u00a0\u00a0\u00a0\u00a0\u00a0\u00a0\u00a0\u00a0\u00a0\u00a0\u00a0\u00a0\u00a0\u00a0\u00a0\u00a0\u00a0\u00a0\u00a0\u00a0\u00a0\u00a0\u00a0\u00a0\u00a0\u00a0\u00a0\u00a0\u00a0\u00a0\u00a0\u00a0\u00a0\u00a0\u00a0\u00a0\u00a0\u00a0\u00a0\u00a0\u00a0\u00a0\u00a0\u00a0\u00a0\u00a0\u00a0\u00a0\u00a0\u00a0\u00a0\u00a0\u00a0\u00a0\u00a0\u00a0\u00a0\u00a0\u00a0\u00a0\u00a0\u00a0\u00a0\u00a0\u00a0\u00a0\u00a0\u00a0\u00a0\u00a0 Jean-Luc Larive<\/strong><\/p><\/blockquote>\n<p>La superbe valse d&rsquo;Alain modat<br \/>\nElle est sur le CD tout fraichement sortie<br \/>\nCe CD \u00e9tait en vente \u00e0 10\u20ac , on attends la deuxi\u00e8me fourn\u00e9e &#8230; \u00a0 \u00a0<a href=\"http:\/\/www.jean-luc-larive.fr\/wp-content\/uploads\/2020\/11\/valse-du-canal-4.mp3\">La valse du canal mp3<\/a><\/p>\n<p>Et La Br\u00e9vardi\u00e8re \u00a0 \u00a0 \u00a0 \u00a0 \u00a0 \u00a0 \u00a0 \u00a0 \u00a0 \u00a0 \u00a0 \u00a0 \u00a0 \u00a0 \u00a0 \u00a0 \u00a0 \u00a0 \u00a0 \u00a0 \u00a0 \u00a0 \u00a0 \u00a0 \u00a0 \u00a0 \u00a0 \u00a0 \u00a0 \u00a0 \u00a0 \u00a0 \u00a0 \u00a0 \u00a0 \u00a0 \u00a0 \u00a0 \u00a0 \u00a0 \u00a0 \u00a0 <a href=\"http:\/\/www.jean-luc-larive.fr\/wp-content\/uploads\/2022\/05\/La-Br\u00e9vardi\u00e8re-MP3.mp3\" target=\"_blank\" rel=\"noopener noreferrer\">La Br\u00e9vardi\u00e8re mp3<\/a><\/p>\n<p><a href=\"http:\/\/www.jean-luc-larive.fr\/wp-content\/uploads\/2022\/02\/IMG_5477.jpeg\"><img loading=\"lazy\" decoding=\"async\" class=\"alignnone size-medium wp-image-1029\" src=\"http:\/\/www.jean-luc-larive.fr\/wp-content\/uploads\/2022\/02\/IMG_5477-225x300.jpeg\" alt=\"\" width=\"225\" height=\"300\" srcset=\"https:\/\/jean-luc-larive.fr\/wp-content\/uploads\/2022\/02\/IMG_5477-225x300.jpeg 225w, https:\/\/jean-luc-larive.fr\/wp-content\/uploads\/2022\/02\/IMG_5477-768x1024.jpeg 768w\" sizes=\"auto, (max-width: 225px) 100vw, 225px\" \/><\/a> <a href=\"http:\/\/www.jean-luc-larive.fr\/wp-content\/uploads\/2022\/02\/IMG_5478.jpeg\"><img loading=\"lazy\" decoding=\"async\" class=\"alignnone size-medium wp-image-1033\" src=\"http:\/\/www.jean-luc-larive.fr\/wp-content\/uploads\/2022\/02\/IMG_5478-225x300.jpeg\" alt=\"\" width=\"225\" height=\"300\" srcset=\"https:\/\/jean-luc-larive.fr\/wp-content\/uploads\/2022\/02\/IMG_5478-225x300.jpeg 225w, https:\/\/jean-luc-larive.fr\/wp-content\/uploads\/2022\/02\/IMG_5478-768x1024.jpeg 768w\" sizes=\"auto, (max-width: 225px) 100vw, 225px\" \/><\/a><\/p>\n<h4><span style=\"text-decoration: underline; color: #800080;\">Les tablatures\/partitions sont \u00e0 la disposition de tous, si vous jouez ou enregistrez mes compos ou celles des camarades\/coll\u00e8gues merci de citer vos sources.<\/span><\/h4>\n<h4><span style=\"text-decoration: underline; color: #800080;\">Elles sont toutes d\u00e9pos\u00e9es \u00e0 la SACEM \u2026<\/span><\/h4>\n","protected":false},"excerpt":{"rendered":"<p>\u00c0 l&rsquo;accord\u00e9on diatonique,\u00a0\u00a0ce dr\u00f4le d&rsquo;instrument, aux \u00ab\u00a0mondes\u00a0\u00bb et aux musiques qu&rsquo;il\u00a0 permet de dire, de cr\u00e9er, de colorer par son timbre si particulier &#8230; \u00c0 tous les gens qui sont derri\u00e8re ses petites touches de nacre&#8230; Bienvenue sur ce site &hellip; <a href=\"https:\/\/jean-luc-larive.fr\/\">Continuer la lecture <span class=\"meta-nav\">&rarr;<\/span><\/a><\/p>\n","protected":false},"author":1,"featured_media":0,"parent":0,"menu_order":0,"comment_status":"open","ping_status":"closed","template":"","meta":{"footnotes":""},"class_list":["post-2","page","type-page","status-publish","hentry"],"_links":{"self":[{"href":"https:\/\/jean-luc-larive.fr\/index.php?rest_route=\/wp\/v2\/pages\/2","targetHints":{"allow":["GET"]}}],"collection":[{"href":"https:\/\/jean-luc-larive.fr\/index.php?rest_route=\/wp\/v2\/pages"}],"about":[{"href":"https:\/\/jean-luc-larive.fr\/index.php?rest_route=\/wp\/v2\/types\/page"}],"author":[{"embeddable":true,"href":"https:\/\/jean-luc-larive.fr\/index.php?rest_route=\/wp\/v2\/users\/1"}],"replies":[{"embeddable":true,"href":"https:\/\/jean-luc-larive.fr\/index.php?rest_route=%2Fwp%2Fv2%2Fcomments&post=2"}],"version-history":[{"count":75,"href":"https:\/\/jean-luc-larive.fr\/index.php?rest_route=\/wp\/v2\/pages\/2\/revisions"}],"predecessor-version":[{"id":1171,"href":"https:\/\/jean-luc-larive.fr\/index.php?rest_route=\/wp\/v2\/pages\/2\/revisions\/1171"}],"wp:attachment":[{"href":"https:\/\/jean-luc-larive.fr\/index.php?rest_route=%2Fwp%2Fv2%2Fmedia&parent=2"}],"curies":[{"name":"wp","href":"https:\/\/api.w.org\/{rel}","templated":true}]}}

<blockquote><p><strong>À l&rsquo;accordéon diatonique, </strong> ce drôle d&rsquo;instrument, aux « mondes » et aux musiques qu&rsquo;il  permet de dire, de créer, de colorer par son timbre si particulier &#8230;<br />
À tous les gens qui sont derrière ses petites touches de nacre&#8230;</p>
<p>Bienvenue sur ce site et accordéonistiquement &#8230;</p>
<p><strong>                                                                            Jean-Luc Larive</strong></p></blockquote>
<p>La superbe valse d&rsquo;Alain modat<br />
Elle est sur le CD tout fraichement sortie<br />
Ce CD était en vente à 10€ , on attends la deuxième fournée &#8230;    <a href="http://www.jean-luc-larive.fr/wp-content/uploads/2020/11/valse-du-canal-4.mp3">La valse du canal mp3</a></p>
<p>Et La Brévardière                                                                                     <a href="http://www.jean-luc-larive.fr/wp-content/uploads/2022/05/La-Brévardière-MP3.mp3" target="_blank" rel="noopener noreferrer">La Brévardière mp3</a></p>
<p><a href="http://www.jean-luc-larive.fr/wp-content/uploads/2022/02/IMG_5477.jpeg"><img loading="lazy" decoding="async" class="alignnone size-medium wp-image-1029" src="http://www.jean-luc-larive.fr/wp-content/uploads/2022/02/IMG_5477-225x300.jpeg" alt="" width="225" height="300" srcset="https://jean-luc-larive.fr/wp-content/uploads/2022/02/IMG_5477-225x300.jpeg 225w, https://jean-luc-larive.fr/wp-content/uploads/2022/02/IMG_5477-768x1024.jpeg 768w" sizes="auto, (max-width: 225px) 100vw, 225px" /></a> <a href="http://www.jean-luc-larive.fr/wp-content/uploads/2022/02/IMG_5478.jpeg"><img loading="lazy" decoding="async" class="alignnone size-medium wp-image-1033" src="http://www.jean-luc-larive.fr/wp-content/uploads/2022/02/IMG_5478-225x300.jpeg" alt="" width="225" height="300" srcset="https://jean-luc-larive.fr/wp-content/uploads/2022/02/IMG_5478-225x300.jpeg 225w, https://jean-luc-larive.fr/wp-content/uploads/2022/02/IMG_5478-768x1024.jpeg 768w" sizes="auto, (max-width: 225px) 100vw, 225px" /></a></p>
<h4><span style="text-decoration: underline; color: #800080;">Les tablatures/partitions sont à la disposition de tous, si vous jouez ou enregistrez mes compos ou celles des camarades/collègues merci de citer vos sources.</span></h4>
<h4><span style="text-decoration: underline; color: #800080;">Elles sont toutes déposées à la SACEM …</span></h4>

<p>À l&rsquo;accordéon diatonique,  ce drôle d&rsquo;instrument, aux « mondes » et aux musiques qu&rsquo;il  permet de dire, de créer, de colorer par son timbre si particulier &#8230; À tous les gens qui sont derrière ses petites touches de nacre&#8230; Bienvenue sur ce site &hellip; <a href="https://jean-luc-larive.fr/">Continuer la lecture <span class="meta-nav">&rarr;</span></a></p>
