{"id":735,"date":"2017-02-22T21:40:04","date_gmt":"2017-02-22T19:40:04","guid":{"rendered":"http:\/\/www.jean-luc-larive.fr\/?page_id=735"},"modified":"2019-04-12T10:26:39","modified_gmt":"2019-04-12T08:26:39","slug":"contes-histoires-de-betes-et-autres-aventures-tres-humaines","status":"publish","type":"page","link":"https:\/\/jean-luc-larive.fr\/?page_id=735","title":{"rendered":"Contes : Histoires de b\u00eates et autres aventures tr\u00e8s humaines"},"content":{"rendered":"<p><a href=\"http:\/\/www.jean-luc-larive.fr\/wp-content\/uploads\/2017\/02\/affiche-Ris-O.jpeg\"><img loading=\"lazy\" decoding=\"async\" class=\"alignleft size-full wp-image-736\" src=\"http:\/\/www.jean-luc-larive.fr\/wp-content\/uploads\/2017\/02\/affiche-Ris-O.jpeg\" alt=\"\" width=\"227\" height=\"320\" srcset=\"https:\/\/jean-luc-larive.fr\/wp-content\/uploads\/2017\/02\/affiche-Ris-O.jpeg 227w, https:\/\/jean-luc-larive.fr\/wp-content\/uploads\/2017\/02\/affiche-Ris-O-213x300.jpeg 213w\" sizes=\"auto, (max-width: 227px) 100vw, 227px\" \/><\/a><br \/>\nHISTOIRES DE B\u00caTES ET AUTRES AVENTURES TR\u00c8S HUMAINES..<\/p>\n<p>Quand le scarab\u00e9e tombe amoureux<br \/>\nQuand le serin philosophe<br \/>\nOu que le colibri enfile une tenue de pompier,<br \/>\nQuand le crapaud joue son macho avec la grenouille<br \/>\nEt que la pintade fait sa frimeuse<br \/>\nD\u00e9cid\u00e9ment,<br \/>\nQue d\u2019humanit\u00e9 chez ces animaux\u00a0!<\/p>\n<p>Autant de b\u00eates pas si b\u00eates<br \/>\nQui pointent de leur petites pattes\u2026<br \/>\n\u2026Nos manies<br \/>\n\u2026Nos faiblesses<br \/>\n\u2026Nos travers, grands et petits<\/p>\n<p>Et parce que ce sont des animaux, justement,<br \/>\nNous pouvons rire de nous \u00e0 travers eux,<br \/>\nAvec un malin plaisir.<\/p>\n<p>La conteuse\u00a0:<br \/>\nMa\u00eft\u00e9 M\u00e9nager,<br \/>\na commenc\u00e9 le th\u00e9\u00e2tre au conservatoire de Paris, dans les classes de Michel Bouquet et Antoine Vitez,<br \/>\na jou\u00e9 sur diverses sc\u00e8nes nationales pendant 6 ans (Chaillot, l\u2019Od\u00e9on, spectacles en Avignon, tourn\u00e9es), puis a cess\u00e9 cette activit\u00e9<br \/>\nest devenue enseignante, en \u00e9cole maternelle<br \/>\na rejoint un groupe de conteurs anim\u00e9 par Philippe Charentin<\/p>\n","protected":false},"excerpt":{"rendered":"<p>HISTOIRES DE B\u00caTES ET AUTRES AVENTURES TR\u00c8S HUMAINES.. Quand le scarab\u00e9e tombe amoureux Quand le serin philosophe Ou que le colibri enfile une tenue de pompier, Quand le crapaud joue son macho avec la grenouille Et que la pintade fait &hellip; <a href=\"https:\/\/jean-luc-larive.fr\/?page_id=735\">Continuer la lecture <span class=\"meta-nav\">&rarr;<\/span><\/a><\/p>\n","protected":false},"author":1,"featured_media":0,"parent":0,"menu_order":0,"comment_status":"closed","ping_status":"closed","template":"","meta":{"footnotes":""},"class_list":["post-735","page","type-page","status-publish","hentry"],"_links":{"self":[{"href":"https:\/\/jean-luc-larive.fr\/index.php?rest_route=\/wp\/v2\/pages\/735","targetHints":{"allow":["GET"]}}],"collection":[{"href":"https:\/\/jean-luc-larive.fr\/index.php?rest_route=\/wp\/v2\/pages"}],"about":[{"href":"https:\/\/jean-luc-larive.fr\/index.php?rest_route=\/wp\/v2\/types\/page"}],"author":[{"embeddable":true,"href":"https:\/\/jean-luc-larive.fr\/index.php?rest_route=\/wp\/v2\/users\/1"}],"replies":[{"embeddable":true,"href":"https:\/\/jean-luc-larive.fr\/index.php?rest_route=%2Fwp%2Fv2%2Fcomments&post=735"}],"version-history":[{"count":2,"href":"https:\/\/jean-luc-larive.fr\/index.php?rest_route=\/wp\/v2\/pages\/735\/revisions"}],"predecessor-version":[{"id":893,"href":"https:\/\/jean-luc-larive.fr\/index.php?rest_route=\/wp\/v2\/pages\/735\/revisions\/893"}],"wp:attachment":[{"href":"https:\/\/jean-luc-larive.fr\/index.php?rest_route=%2Fwp%2Fv2%2Fmedia&parent=735"}],"curies":[{"name":"wp","href":"https:\/\/api.w.org\/{rel}","templated":true}]}}