{"id":793,"date":"2017-06-07T23:00:23","date_gmt":"2017-06-07T21:00:23","guid":{"rendered":"http:\/\/www.jean-luc-larive.fr\/?page_id=793"},"modified":"2017-06-07T23:03:16","modified_gmt":"2017-06-07T21:03:16","slug":"les-fumees-du-pape","status":"publish","type":"page","link":"https:\/\/jean-luc-larive.fr\/?page_id=793","title":{"rendered":"Les fum\u00e9es du pape"},"content":{"rendered":"<p>Les fum\u00e9es du pape par la compagnie \u00ab\u00a0La Lune et l&rsquo;Oc\u00e9an.\u00a0\u00bb<\/p>\n<p>D&rsquo;apr\u00e8s les textes de Dario Fo , mise en sc\u00e8ne de Patrick Mons, lumi\u00e8res Pascal Noel , musique Jean Luc Larive.<\/p>\n<p><iframe loading=\"lazy\" title=\"LES FUMEES DU PAPE\" width=\"640\" height=\"480\" src=\"https:\/\/www.youtube.com\/embed\/SCpTKjASe5E?feature=oembed\" frameborder=\"0\" allow=\"accelerometer; autoplay; clipboard-write; encrypted-media; gyroscope; picture-in-picture; web-share\" referrerpolicy=\"strict-origin-when-cross-origin\" allowfullscreen><\/iframe><\/p>\n","protected":false},"excerpt":{"rendered":"<p>Les fum\u00e9es du pape par la compagnie \u00ab\u00a0La Lune et l&rsquo;Oc\u00e9an.\u00a0\u00bb D&rsquo;apr\u00e8s les textes de Dario Fo , mise en sc\u00e8ne de Patrick Mons, lumi\u00e8res Pascal Noel , musique Jean Luc Larive.<\/p>\n","protected":false},"author":1,"featured_media":0,"parent":0,"menu_order":0,"comment_status":"closed","ping_status":"closed","template":"","meta":{"footnotes":""},"class_list":["post-793","page","type-page","status-publish","hentry"],"_links":{"self":[{"href":"https:\/\/jean-luc-larive.fr\/index.php?rest_route=\/wp\/v2\/pages\/793","targetHints":{"allow":["GET"]}}],"collection":[{"href":"https:\/\/jean-luc-larive.fr\/index.php?rest_route=\/wp\/v2\/pages"}],"about":[{"href":"https:\/\/jean-luc-larive.fr\/index.php?rest_route=\/wp\/v2\/types\/page"}],"author":[{"embeddable":true,"href":"https:\/\/jean-luc-larive.fr\/index.php?rest_route=\/wp\/v2\/users\/1"}],"replies":[{"embeddable":true,"href":"https:\/\/jean-luc-larive.fr\/index.php?rest_route=%2Fwp%2Fv2%2Fcomments&post=793"}],"version-history":[{"count":4,"href":"https:\/\/jean-luc-larive.fr\/index.php?rest_route=\/wp\/v2\/pages\/793\/revisions"}],"predecessor-version":[{"id":798,"href":"https:\/\/jean-luc-larive.fr\/index.php?rest_route=\/wp\/v2\/pages\/793\/revisions\/798"}],"wp:attachment":[{"href":"https:\/\/jean-luc-larive.fr\/index.php?rest_route=%2Fwp%2Fv2%2Fmedia&parent=793"}],"curies":[{"name":"wp","href":"https:\/\/api.w.org\/{rel}","templated":true}]}}

Les fumées du pape

<p>Les fumées du pape par la compagnie « La Lune et l&rsquo;Océan. »</p>
<p>D&rsquo;après les textes de Dario Fo , mise en scène de Patrick Mons, lumières Pascal Noel , musique Jean Luc Larive.</p>
<p><iframe loading="lazy" title="LES FUMEES DU PAPE" width="640" height="480" src="https://www.youtube.com/embed/SCpTKjASe5E?feature=oembed" frameborder="0" allow="accelerometer; autoplay; clipboard-write; encrypted-media; gyroscope; picture-in-picture; web-share" referrerpolicy="strict-origin-when-cross-origin" allowfullscreen></iframe></p>

<p>Les fumées du pape par la compagnie « La Lune et l&rsquo;Océan. » D&rsquo;après les textes de Dario Fo , mise en scène de Patrick Mons, lumières Pascal Noel , musique Jean Luc Larive.</p>
